13?
10
What is the remainder when 1463 is divided by 29?
13
What is the remainder when 4029 is divided by 149?
6
What is the remainder when 303 is divided by 265?
38
What is the remainder when 195 is divided by 55?
30
Calculate the remainder when 1292 is divided by 34.
0
What is the remainder when 44 is divided by 5?
4
Calculate the remainder when 198 is divided by 68.
62
What is the remainder when 172 is divided by 162?
10
What is the remainder when 41 is divided by 38?
3
What is the remainder when 1363 is divided by 36?
31
What is the remainder when 288 is divided by 29?
27
What is the remainder when 745 is divided by 40?
25
What is the remainder when 22 is divided by 12?
10
What is the remainder when 24693 is divided by 18?
15
What is the remainder when 426 is divided by 89?
70
Calculate the remainder when 412 is divided by 6.
4
What is the remainder when 401 is divided by 93?
29
Calculate the remainder when 74 is divided by 69.
5
Calculate the remainder when 1940 is divided by 178.
160
Calculate the remainder when 5489 is divided by 1826.
11
Calculate the remainder when 232 is divided by 44.
12
Calculate the remainder when 4071 is divided by 194.
191
What is the remainder when 106 is divided by 58?
48
Calculate the remainder when 216 is divided by 31.
30
Calculate the remainder when 505 is divided by 17.
12
Calculate the remainder when 97 is divided by 20.
17
What is the remainder when 75 is divided by 8?
3
Calculate the remainder when 7314 is divided by 124.
122
What is the remainder when 142 is divided by 19?
9
Calculate the remainder when 196 is divided by 93.
10
Calculate the remainder when 119 is divided by 41.
37
Calculate the remainder when 325 is divided by 132.
61
Calculate the remainder when 17 is divided by 7.
3
What is the remainder when 38 is divided by 22?
16
Calculate the remainder when 418 is divided by 20.
18
Calculate the remainder when 61 is divided by 41.
20
Calculate the remainder when 137 is divided by 60.
17
What is the remainder when 599 is divided by 93?
41
Calculate the remainder when 564 is divided by 81.
78
Calculate the remainder when 5391 is divided by 315.
36
What is the remainder when 435 is divided by 88?
83
Calculate the remainder when 95 is divided by 8.
7
Calculate the remainder when 1005 is divided by 28.
25
What is the remainder when 659 is divided by 129?
14
Calculate the remainder when 56 is divided by 44.
12
Calculate the remainder when 618 is divided by 37.
26
Calculate the remainder when 2947 is divided by 3.
1
What is the remainder when 6814 is divided by 47?
46
What is the remainder when 2329 is divided by 329?
26
What is the remainder when 139 is divided by 31?
15
Calculate the remainder when 871 is divided by 19.
16
What is the remainder when 138 is divided by 69?
0
What is the remainder when 986 is divided by 47?
46
What is the remainder when 6012 is divided by 62?
60
Calculate the remainder when 190 is divided by 24.
22
What is the remainder when 769 is divided by 77?
76
What is the remainder when 1271 is divided by 182?
179
Calculate the remainder when 29 is divided by 21.
8
What is the remainder when 3659 is divided by 244?
243
What is the remainder when 444 is divided by 18?
12
Calculate the remainder when 5912 is divided by 7.
4
What is the remainder when 2259 is divided by 1125?
9
Calculate the remainder when 766 is divided by 317.
132
Calculate the remainder when 185 is divided by 179.
6
What is the remainder when 82 is divided by 5?
2
Calculate the remainder when 339 is divided by 25.
14
What is the remainder when 3995 is divided by 160?
155
What is the remainder when 38792 is divided by 119?
117
What is the remainder when 935 is divided by 36?
35
What is the remainder when 113 is divided by 44?
25
What is the remainder when 482 is divided by 53?
5
What is the remainder when 1022 is divided by 25?
22
Calculate the remainder when 504 is divided by 273.
231
What is the remainder when 1931 is divided by 9?
5
What is the remainder when 642 is divided by 152?
34
What is the remainder when 817 is divided by 10?
7
What is the remainder when 57 is divided by 20?
17
Calculate the remainder when 23436 is divided by 20.
16
Calculate the remainder when 13228 is divided by 245.
243
Calculate the remainder when 114 is divided by 32.
18
What is the remainder when 214 is divided by 44?
38
What is the remainder when 667 is divided by 129?
22
What is the remainder when 53 is divided by 4?
1
Calculate the remainder when 139 is divided by 13.
9
What is the remainder when 1290 is divided by 99?
3
Calculate the remainder when 620 is divided by 58.
40
What is the remainder when 35 is divided by 22?
13
Calculate the remainder when 403 is divided by 46.
35
Calculate the remainder when 688 is divided by 119.
93
Calculate the remainder when 195 is divided by 103.
92
Calculate the remainder when 25 is divided by 6.
1
What is the remainder when 6685 is divided by 22?
19
Calculate the remainder when 208 is divided by 15.
13
What is the remainder when 122 is divided by 71?
51
Calculate the remainder when 67 is divided by 10.
7
What is the remainder when 568 is divided by 114?
112
What is the remainder when 1976 is divided by 294?
212
Calculate the remainder when 486 is divided by 127.
105
Calculate the remainder when 567 is divided by 18.
9
Calculate the remainder when 232 is divided by 18.
16
Calculate the remainder when 725 is divided by 90.
5
Calculate the remainder when 301 is divided by 28.
21
Calculate the remainder when 399 is divided by 16.
15
Calculate the remainder when 3876 is divided by 40.
36
What is the remainder when 111 is divided by 25?
11
What is the remainder when 219 is divided by 44?
43
What is the remainder when 134 is divided by 82?
52
What is the remainder when 59 is divided by 14?
3
What is the remainder when 50 is divided by 19?
12
Calculate the remainder when 466 is divided by 26.
24
What is the remainder when 3260 is divided by 24?
20
Calculate the remainder when 2122 is divided by 177.
175
Calculate the remainder when 3213 is divided by 31.
20
Calculate the remainder when 4285 is divided by 165.
160
Calculate the remainder when 828 is divided by 83.
81
Calculate the remainder when 11 is divided by 10.
1
What is the remainder when 319 is divided by 301?
18
Calculate the remainder when 653 is divided by 173.
134
What is the remainder when 6227 is divided by 10?
7
What is the remainder when 57 is divided by 17?
6
Calculate the remainder when 109 is divided by 81.
28
What is the remainder when 86 is divided by 15?
11
What is the remainder when 2498 is divided by 72?
50
Calculate the remainder when 20643 is divided by 31.
28
Calculate the remainder when 1672 is divided by 532.
76
What is the remainder when 105 is divided by 19?
10
Calculate the remainder when 783 is divided by 17.
1
What is the remainder when 15697 is divided by 10?
7
What is the remainder when 93 is divided by 12?
9
What is the remainder when 426 is divided by 26?
10
Calculate the remainder when 1728 is divided by 88.
56
What is the remainder when 138 is divided by 17?
2
What is the remainder when 960 is divided by 126?
78
Calculate the remainder when 640 is divided by 12.
4
Calculate the remainder when 1209 is divided by 4.
1
What is the remainder when 524 is divided by 503?
21
Calculate the remainder when 2219 is divided by 46.
11
Calculate the remainder when 269 is divided by 15.
14
What is the remainder when 359 is divided by 10?
9
Calculate the remainder when 38 is divided by 22.
16
Calculate the remainder when 216 is divided by 40.
16
Calculate the remainder when 1236 is divided by 62.
58
What is the remainder when 43 is divided by 24?
19
Calculate the remainder when 259 is divided by 4.
3
What is the remainder when 676 is divided by 225?
1
Calculate the remainder when 34268 is divided by 23.
21
Calculate the remainder when 301 is divided by 100.
1
What is the remainder when 825 is divided by 59?
58
What is the remainder when 352 is divided by 59?
57
What is the remainder when 691 is divided by 329?
33
Calculate the remainder when 71 is divided by 8.
7
What is the remainder when 3149 is divided by 90?
89
What is the remainder when 490 is divided by 295?
195
Calculate the remainder when 70 is divided by 24.
22
Cal